-16 - (-6 + 7)) + 6 - (-49 - (3 - 12)).
29
Calculate -4 + 1 - (137 + -31 - 121).
12
What is the value of -2 - ((-9 - 6) + (9 - (-24 - 8)))?
-28
Calculate 111 + -75 + 39 + 11.
86
22 + -18 + -14 - (14 + -10)
-14
Evaluate 8 + 21 + (-95 - -40).
-26
-23 + -1 - (4 + -8 + -5 + 1 - -19)
-35
Calculate (-3 - (8 + -3)) + 190 + -190 - -17.
9
Evaluate -66 + -55 + 91 - (-5 + 17).
-42
Evaluate -2 + 32 + (-7 + (-15 - -57) - 26).
39
What is the value of -151 + -139 + 298 - (0 - -4)?
4
What is the value of -24 + -22 + (23 - -23) + -1 + (-77 - 2)?
-80
What is (-24 - (-79 + 1 - -21)) + 10 + -14?
29
What is the value of -22 - (1 - (-41 - (-5 + -22)))?
-37
What is the value of -20 - (-1 - -1) - ((-519 - -464) + 64)?
-29
What is the value of -108 + 120 + (-2 - (12 + 3)) + -2?
-7
Evaluate 429 + -340 - (121 - 3).
-29
-30 + (-43 - -64) + 1 + -36 + -2
-46
Calculate -9 + (17 - 18) + 13 + -67 + 5.
-59
-36 + (44 - (-15 + -30))
53
13 - (10 + 15 + 2 + -69 + 8)
47
(-50 - (-13 + 25 + 6 + -4)) + (2 - -10)
-52
Calculate 15 + -18 - (85 - 156 - (1 - 8)).
61
What is -3 + 1 + -2 - ((7 - 22) + 3)?
8
What is the value of (-89 - (-25 - -60)) + 140?
16
Evaluate 19 - (-18 - 18 - -60).
-5
What is -13 + (40 - (39 + (-35 - 26)))?
49
Calculate -15 + (-2 - 0 - 3) + (-241 - -249).
-12
(-2 + 119 - 17) + (-7 - -7 - 17)
83
What is (-80 - (90 - 179)) + -132?
-123
What is (-1 - (54 + 3) - 1) + (-16 + -14 - -36)?
-53
Evaluate (-100 - -90) + 61 - ((-1 - -2) + -1) - -6.
57
Calculate -41 + 114 + -33 + -42.
-2
Evaluate 2097 + -2094 - (3 + -53 + -2 + 3).
52
What is the value of -35 + 97 + -66 + -113 + 1 + -10?
-126
What is the value of -71 - (195 + -181 + -14 + -3)?
-68
What is the value of (-3 - -25) + (6694 - 6621)?
95
Evaluate 16 + (6 + 10 - (51 - 3)).
-16
What is the value of (-20 - 24) + 44 + -1?
-1
Evaluate 3285 + -3275 - (13 - (1 + -2)).
-4
Calculate -222 + 237 + (-3 + 6 + -6 - 2).
10
4 + 2 + 0 - (-2366 - -2395)
-23
What is 32 + -5 - (1 + (-27 + 11 - (0 - 4)))?
38
Evaluate (-1 - -56) + (-8214 - -8249).
90
What is the value of 7 + -9 + (-1 - 8) + 10 + (17 - 13)?
3
What is (9 - 2) + (-33 + -1 - (-121 + 108) - -4)?
-10
Evaluate -31832 + 31615 - (1 - 115).
-103
-1 + -1 + 25 + (-963 - -934) + 105
99
Evaluate 11 - (-25 - -14 - (-6 - (-10 + -9))).
35
What is the value of 20 + (-46 - -42) - (-9 - -74)?
-49
What is the value of (-21 + -4 - -1) + -1929 + 1964?
11
Calculate -17 - ((-23 - -31) + -90) - 24.
41
What is the value of -21 - ((3 - -17) + (45 - 68))?
-18
-23 - (33 - 16 - 16 - -11) - 18
-53
43 - 38 - (31 - (7 + (-26 - -15)))
-30
-25 - (3 + -57) - 0
29
18 - (-5 + (1 - -14) + -18)
26
What is -7 - -1 - (65 - (48 - -15 - 33))?
-41
Evaluate 6 + 479 + -471 + (-2 - 0) + 4.
16
Calculate 60 + -189 + (5 - 18 - -23).
-119
What is -2 + (12 - (-41 - -21))?
30
What is the value of (23 - 46) + 21 - (-22 - (-9 - -1)) - 28?
-16
Calculate -30 + (4 - 46 - (-107 + 96)).
-61
What is (2 - 22) + 2 + -146 + 147?
-17
Calculate (21 - -1) + -5 + 22 + -11 + -1.
27
What is the value of 49 + (36 - 102) - -15?
-2
Evaluate 26 + (0 - -49 - (575 + -578)).
78
What is the value of -30 - (1 + 3 + -188 + 195)?
-41
(0 - -52) + (-134 - -121 - -1)
40
What is 7 + (85 - (-16 - (13 - 53)))?
68
81 - (57 + (23 - 37))
38
(-87 - -2) + -32 + (-13 - 29 - -26) + 32
-101
Calculate 9 - ((0 - 16 - (219 + -215)) + 0).
29
-41 + (13 + (0 - 6) - 14) + 0
-48
Evaluate 3 + 15 + -1 - (37 - (-14 + 30)).
-4
(69 + -38 - 105) + (2 - 37)
-109
Calculate (-34 - -31) + (-2 - -91).
86
Evaluate 15 + -2 + 1 + (3885 - 3895).
4
23 + -79 + 43 - (43 - -1)
-57
Evaluate (5 - 0) + (353 - 342) + -65.
-49
What is the value of (-24 - -9) + 32 + 16 + -7 + -2 + 4?
28
What is the value of (-16 + 44 - (-15 + 0)) + (0 - (-3 - 3))?
49
Calculate -450 + 501 + 4 + -19.
36
-1 - ((-30 - -103) + -107)
33
What is the value of 1 + -13 - (24 - (22 - -8)) - (-7 + 1)?
0
What is the value of (0 - (1 + -2)) + -7835 + 7838?
4
Evaluate 65 - (89 - (-7 - -45)).
14
What is (1 - -63) + (-168 - (-62 + -117))?
75
-10 + (35 - 2 - 46)
-23
(-8 - (1 + 4)) + (-72 - -82)
-3
What is the value of (769 - 738) + (1 - 24) - 72?
-64
Evaluate (83 - 76) + -33 + -1 + (-76 - -70).
-33
What is -22 + 56 + (-40 - 19)?
-25
What is the value of -47 + (-3 - (-1 - -11))?
-60
Evaluate 19 + (-5 - -6) + (-761 - -712).
-29
What is -6 - (-21 - -105 - -2 - (-5 - (-3 + 12)))?
-106
What is the value of -1858 + 1887 + (-30 - -1) - (2 + 69)?
-71
Calculate -124 + (96 - 19) - -11.
-36
-27 - (-7 + 12 + -7 + -5)
-20
What is (25 + -5 + -19 - 2) + -60?
-61
What is (-6 - -6 - (-35 - -14 - -12)) + 7?
16
Calculate 11 + (2 + -16 - (13 - -12 - 10)).
-18
Calculate 1 + -2 + -1 + -117 - (-1984 - -1961).
-96
Evaluate -38 - (35 + (-26 - 86) + -16).
55
What is 75 + (0 + 7 - (849 - 809))?
42
Evaluate -71 - (-40 - 118) - -9.
96
Evaluate (0 + (-6 - -5) + 0 - -3) + (289 - 270).
21
Calculate (21 - (23 - 43 - -39)) + 0 + (-24 - -2).
-20
Calculate 257 - 339 - (-74 - -4).
-12
What is the value of 23 + -35 - (-23 - (20 + 9))?
40
Evaluate 14 - (-42 + -24 - 7).
87
120 - (-10 - (30 - 271))
-111
What is 513 + -512 + 4 + 4 + 0?
9
What is the value of -43 - (-3 + (-2 - 0) + 3 - (114 + -112))?
-39
2 + -6 + 24 - (76 + -90)
34
What is (2 - -34 - 47) + (-63 - 1) + (-5 - -6)?
-74
Calculate 47 - (-45 + 48 + 84).
-40
What is 13 - (-8 + -22 + 20 - (1 - 23))?
1
What is (-92 + 206 - 78) + -130?
-94
What is (4152 - 4259) + 0 + 10?
-97
Evaluate -1 + -14 - 0 - (206 + -434 + 267).
-54
Calculate 19 + -5 + (15 - 50) + -59.
-80
59 + -14 + 30 - (10 + (4 - -3) + -15)
73
What is 24 + 2 - (11 + -37 + -70)?
122
Calculate 48 - (19 - (-21 - (-35 - -10))).
33
Calculate -117 + 138 + (-25 - -1) - 46.
-49
What is 5 + (-5 - (-2 - (0 + -13)) - -9)?
-2
What is -8 - (36 + -61) - (-12 - 6)?
35
0 + 132 + (-2715 - -2613)
30
What is the value of 8 + -41 + 12 + 12 + -46 + 12?
-43
What is 1 + 58 + (819 - 881)?
-3
Calculate 12 + -46 + -3 + -3 + 119.
79
What is the value of -63 + (72 - 71) - -31?
-31
What is 14 - 3 - (-30 + (29 - -12))?
0
-10 - (0 + (0 - 1) + -14 + 2 + 4)
-1
What is -1 - (12 + (-42 - -44) + 0 + -1)?
-14
27 - (-6 + 17) - (71 - 1)
-54
Calculate 63 + -38 + 16 + 11.
52
(-2 - 0) + 11 + (1128 - 1178)
-41
What is -3 + (-2 - -47 - (2 + 16 + -16))?
40
What is -1 + -42 + 89 - 98?
-52
What is the value of 18 + 45 + -30 + 0 + -107?
-74
-41 - (62 + -6) - -60
-37
Evaluate 1 + 46 + (13 - -3).
63
Evaluate 2 + (-9 - -12) + 5 + -12 + -17.
-19
Evaluate -46 - (-24 - (23 - (19 + 39))).
-57
What is 30 - (-26 + -4 + 8 + -5 + 15 + 11)?
31
Calculate (-6 - 3) + (-75 - -72) + 89.
77
Evaluate -90 + 43 + -5 + 15.
-37
-1 + -2 + 73 + (-4 + 11 - 13) + 9
73
What is the value of (60 - 82) + 36 + 6 + -1 + 2?
21
Calculate -1 + 19 - ((-1 - -1) + (-19 - 25)).
62
(-1 + 6 - 8) + 66 + -10 + 19
72
What is the value of 128 - (75 + 12) - 10?
31
Calculate (8 - 132) + (-106 - (-34 + -51)).
-145
What is (142 - 86) + -71 - -38?
23
What is the value of 2 - -13 - (-18 + (18 - -24 - 19))?
10
Evaluate -12 - ((-4 + -5 + -51 - (-12 + 0)) + -2).
38
21 - (-14 - -30) - (40 + -4 - 0)
-31
Calculate (1 + -1 - -20) + (31 - (96 + -76)).
31
What is (-5 - 10) + 56 - (35 - 27)?
33
Evaluate 97 + (11 - (10 + 6) - (30 + -31)).
93
What is 24 - (40 - 0) - (-26 + 2)?
8
Calculate 12 + -22 + -18 + (18 - 12).
-22
Calculate (8 - 0 - 5 - -2) + 0 + -35.
-30
(-19 - -6) + 0 + (-83 - (1 + -4))
-93
Evaluate 3 - ((2 + 0 - 3) + (-968 - -1016)).
-44
Calculate (19 + -65 - -133) + -62.
25
What is the value of (52 - 60) + (2 - ((-114 - -2) + 1)) - -1?
106
What is the value of 1 - -18 - (-215 + 20 + 269)?
-55
Evaluate -85 + (81 + -135 - -172).
33
Evaluate -43 + 95 + -39 + -24.
-11
-11 + -119 + (-4 - (9 + (15 - 25)))
-133
2 + 14 + 0 - (-99 + (-3 - -102))
16
-944 - -955 - (-2 + -11)
24
What is 0 + (-8 - (-34 - 2 - 1)) + -9?
20
What is the value of -29 + (6 - -27 - (1 - -14))?
-11
What is the value of 58 - (35 + -7 + 4)?
26
What is (-17 - (27 + -3)) + 30 - -80?
69
Evaluate -27 + (57 - (-68 - -30 - -12)).
56
17 + (3 - 0) + (-916 - -927)
31
Calculate -7 + 0 - (-29 + 14) - (41 + -73).
40
Evaluate (0 - 12) + (3 - -9) + (-2 - (7 - 0)).
-9
Evaluate -19 + 5 - (-88 - -60).
14
Calculate 0 - (-3 - 2) - (-11 + (-5 - -103 - -10)).
-92
Evaluate -42 + 13 + (-86 - -37) + 83.
5
What is -6 + (12 - (-3 + -3 - (-7 + 8 - 10)))?
3
Calculate (-33 + -23 + 34 - 4 - -24) + -1 + 7.
4
What is the value of